 37, 1559
What are the prime factors of 264346?
2, 132173
What are the prime factors of 176478?
2, 3, 67, 439
What are the prime factors of 4941882?
2, 3, 11, 2269
List the prime factors of 506208.
2, 3, 5273
List the prime factors of 47023.
59, 797
List the prime factors of 89895.
3, 5, 13, 461
List the prime factors of 505019.
17, 61, 487
What are the prime factors of 151479?
3, 16831
List the prime factors of 1719260.
2, 5, 31, 47, 59
What are the prime factors of 164099?
13, 971
What are the prime factors of 3858970?
2, 5, 385897
What are the prime factors of 30511745?
5, 11, 554759
List the prime factors of 1067217.
3, 43, 8273
What are the prime factors of 180825?
3, 5, 2411
What are the prime factors of 289211?
13, 22247
List the prime factors of 2153741.
43, 50087
What are the prime factors of 1024214?
2, 19, 26953
What are the prime factors of 250503?
3, 11, 7591
What are the prime factors of 1466707?
11, 133337
What are the prime factors of 522013?
337, 1549
List the prime factors of 740284.
2, 185071
What are the prime factors of 427024?
2, 13, 2053
List the prime factors of 5981583.
3, 1993861
What are the prime factors of 391659?
3, 130553
List the prime factors of 16530840.
2, 3, 5, 47, 977
List the prime factors of 11900878.
2, 11, 19, 71, 401
What are the prime factors of 6918646?
2, 7, 29, 17041
List the prime factors of 6466010.
2, 5, 107, 6043
What are the prime factors of 278905?
5, 11, 461
What are the prime factors of 226919?
7, 11, 421
List the prime factors of 899981.
899981
What are the prime factors of 823410?
2, 3, 5, 7, 1307
List the prime factors of 173446.
2, 7, 13, 953
List the prime factors of 19530202.
2, 2141, 4561
List the prime factors of 354704.
2, 7, 3167
List the prime factors of 1041429.
3, 347143
List the prime factors of 1460861.
17, 85933
List the prime factors of 39356.
2, 9839
What are the prime factors of 564130?
2, 5, 7, 8059
What are the prime factors of 3812068?
2, 13, 73309
List the prime factors of 448961.
269, 1669
What are the prime factors of 2427183?
3, 11, 24517
List the prime factors of 4852615.
5, 199, 4877
List the prime factors of 7799317.
691, 11287
List the prime factors of 4324279.
4324279
List the prime factors of 121502.
2, 79, 769
What are the prime factors of 818080?
2, 5, 5113
List the prime factors of 2530185.
3, 5, 7, 24097
What are the prime factors of 1012738?
2, 19, 29, 919
What are the prime factors of 379523?
23, 29, 569
What are the prime factors of 4180203?
3, 464467
What are the prime factors of 4669681?
4669681
List the prime factors of 2311279.
37, 62467
List the prime factors of 13204.
2, 3301
What are the prime factors of 102820?
2, 5, 53, 97
What are the prime factors of 5626148?
2, 11, 127867
List the prime factors of 958912.
2, 14983
List the prime factors of 880376.
2, 7, 79, 199
List the prime factors of 292641.
3, 97547
List the prime factors of 6541492.
2, 1635373
What are the prime factors of 5430981?
3, 73, 24799
What are the prime factors of 4681567?
11, 61, 6977
What are the prime factors of 32265?
3, 5, 239
What are the prime factors of 883941?
3, 294647
List the prime factors of 2761965.
3, 5, 41, 499
List the prime factors of 2566972.
2, 59, 73, 149
List the prime factors of 402572.
2, 19, 5297
What are the prime factors of 96811?
11, 13, 677
What are the prime factors of 650452?
2, 11, 14783
List the prime factors of 1683951.
3, 19, 31, 953
What are the prime factors of 236674?
2, 17, 6961
List the prime factors of 6290302.
2, 41, 1871
What are the prime factors of 1426812?
2, 3, 118901
What are the prime factors of 56770?
2, 5, 7, 811
List the prime factors of 3193871.
3193871
List the prime factors of 70063.
7, 10009
What are the prime factors of 29722320?
2, 3, 5, 41281
List the prime factors of 69424.
2, 4339
What are the prime factors of 17529194?
2, 37, 236881
List the prime factors of 1367278.
2, 11, 19, 3271
List the prime factors of 27239.
27239
List the prime factors of 534043.
534043
What are the prime factors of 10158359?
31, 327689
What are the prime factors of 159152?
2, 7, 29
What are the prime factors of 883774?
2, 441887
What are the prime factors of 1301498?
2, 11, 59159
List the prime factors of 758943.
3, 28109
List the prime factors of 327810.
2, 3, 5, 7, 223
List the prime factors of 90829.
61, 1489
List the prime factors of 605459.
557, 1087
List the prime factors of 32673216.
2, 3, 167, 1019
List the prime factors of 553979.
17, 32587
List the prime factors of 901527.
3, 11, 17, 1607
What are the prime factors of 768237?
3, 256079
What are the prime factors of 5111374?
2, 2555687
What are the prime factors of 56615?
5, 13, 67
List the prime factors of 151613.
7, 11, 179
What are the prime factors of 17828322?
2, 3, 47, 191, 331
What are the prime factors of 11473079?
17, 89, 7583
What are the prime factors of 103461?
3, 34487
What are the prime factors of 388604?
2, 97151
List the prime factors of 1894021.
17, 43, 2591
List the prime factors of 193232.
2, 13, 929
What are the prime factors of 189186?
2, 3, 31531
What are the prime factors of 12546088?
2, 281, 5581
What are the prime factors of 1553941?
41, 151, 251
What are the prime factors of 395796?
2, 3, 32983
List the prime factors of 137473.
7, 41, 479
List the prime factors of 1789170.
2, 3, 5, 23, 2593
What are the prime factors of 14533399?
14533399
List the prime factors of 6510825.
3, 5, 19, 1523
List the prime factors of 142825.
5, 29, 197
What are the prime factors of 6184988?
2, 1546247
List the prime factors of 2514370.
2, 5, 251437
What are the prime factors of 5737780?
2, 5, 53, 5413
What are the prime factors of 1976127?
3, 193, 3413
List the prime factors of 583136.
2, 18223
List the prime factors of 105431.
19, 31, 179
List the prime factors of 38965600.
2, 5, 53, 919
List the prime factors of 6495869.
151, 43019
What are the prime factors of 11900291?
13, 41, 83, 269
What are the prime factors of 845914?
2, 479, 883
List the prime factors of 312282.
2, 3, 5783
What are the prime factors of 7033873?
7, 11, 167, 547
List the prime factors of 73787.
7, 83, 127
What are the prime factors of 565401?
3, 229, 823
List the prime factors of 10745152.
2, 11, 15263
List the prime factors of 3445923.
3, 13, 149, 593
List the prime factors of 240863.
7, 19, 1811
List the prime factors of 1097054.
2, 7, 23, 3407
What are the prime factors of 112246?
2, 56123
List the prime factors of 5971630.
2, 5, 7, 1741
List the prime factors of 7567045.
5, 59, 113, 227
List the prime factors of 620760.
2, 3, 5, 7, 739
List the prime factors of 14136480.
2, 3, 5, 9817
What are the prime factors of 5310130?
2, 5, 7, 10837
List the prime factors of 35103511.
67, 179, 2927
List the prime factors of 844319.
7, 17231
List the prime factors of 267193.
267193
What are the prime factors of 49247?
11, 37
List the prime factors of 3816865.
5, 13, 4517
What are the prime factors of 4035566?
2, 2017783
What are the prime factors of 65339?
223, 293
What are the prime factors of 1532170?
2, 5, 37, 41, 101
List the prime factors of 53885.
5, 13, 829
What are the prime factors of 96000?
2, 3, 5
What are the prime factors of 1271891?
541, 2351
What are the prime factors of 2118862?
2, 211, 5021
List the prime factors of 648685.
5, 129737
What are the prime factors of 1378780?
2, 5, 13, 5303
What are the prime factors of 1248044?
2, 7, 29, 53
List the prime factors of 93541.
7, 23, 83
What are the prime factors of 788925?
3, 5, 67, 157
List the prime factors of 14051844.
2, 3, 109, 3581
List the prime factors of 11075894.
2, 5537947
List the prime factors of 211445.
5, 13, 3253
What are the prime factors of 134862?
2, 3, 7, 13, 19
What are the prime factors of 2429820?
2, 3, 5, 13499
What are the prime factors of 167536?
2, 37, 283
What are the prime factors of 808498?
2, 404249
List the prime factors of 9744567.
3, 7, 61, 7607
What are the prime factors of 64746?
2, 3, 11, 109
List the prime factors of 1250115.
3, 5, 83341
List the prime factors of 19381784.
2, 37, 65479
List the prime factors of 185945.
5, 37189
What are the prime factors of 2689?
2689
What are the prime factors of 9676107?
3, 7, 153589
What are the prime factors of 4319233?
4319233
What are the prime factors of 6833712?
2, 3